and h?
6
Suppose 3*g = -5*h + 61, -8*h + 11*h - 3*g - 27 = 0. Calculate the highest common factor of 341 and h.
11
Let b(t) = -t - 14. Let s(n) = 1. Let f(g) = -b(g) - 5*s(g). Let y be f(7). Suppose 0 = 2*l + 3*l - 40. Calculate the highest common divisor of l and y.
8
Let m = -101 - -105. Suppose 3*z - 45 = -3*c, m*c + 0*c = -z + 12. Let o = 67 - -13. What is the greatest common factor of o and z?
16
Let b = 1411 - 1091. Calculate the greatest common divisor of 40 and b.
40
Let p = -280 - -288. Calculate the greatest common factor of p and 32.
8
Let u = 210 + -133. Suppose 4*n - 5*p = 59, -2*n = -2*p + p - 25. What is the greatest common divisor of n and u?
11
Let s be (10 + -1 - 4) + -1. Suppose 2*r = s*y - 128, -5*y + 2*r + 165 = 5. Calculate the greatest common factor of y and 64.
32
Suppose -3*y = 4*y. Suppose 8*j - 384 = -y*j. Calculate the highest common divisor of j and 12.
12
Suppose 18 = 4*s + 10. Suppose -3 - 7 = -s*x. Let j be (-168)/70*x/(-2). Calculate the greatest common divisor of 4 and j.
2
Let m(a) be the second derivative of 1/2*a**2 - 1/6*a**4 - 2*a + 51/20*a**5 + 0 + 0*a**3. Let s be m(1). What is the greatest common factor of s and 20?
10
Let h(a) = -a**3 + 10*a**2 + 4*a - 23. Let f be h(10). Suppose c = f + 2. What is the greatest common factor of c and 1?
1
Let g be (627/2)/(3/6). Calculate the highest common factor of 38 and g.
19
Let b(o) = -4*o - o - 70 - o + 11*o. Let j be b(21). What is the highest common divisor of j and 35?
35
Suppose 4*l = 3*p + 108, 3*l + 2*p - p = 68. Let c be (l/(-15))/(8/(-460)). Calculate the greatest common factor of 138 and c.
46
Suppose -324*l + 4352 = -308*l. Calculate the greatest common factor of l and 170.
34
Let w(r) = r**2 - 7*r - 5. Let i be w(8). Let v be (2*i/(-9))/((-14)/399). What is the highest common divisor of 209 and v?
19
Suppose -5*g = -4*m + 27, 15*m - 18*m - 3 = 4*g. What is the greatest common divisor of 201 and m?
3
Let p(f) = -8*f - 36. Let x be p(-7). What is the greatest common divisor of 4 and x?
4
Let g be 48/14 - (-3)/(-7). Let v(z) = 3*z - 6. Let o be v(g). Suppose -13 - 2 = -o*p. Calculate the highest common factor of 20 and p.
5
Let r(d) = -d**2 - 14*d - 17. Let b be r(-12). Suppose b = l - 1. What is the highest common factor of 12 and l?
4
Suppose -p + 16 = 3*a, -2*a + p + 14 = a. Suppose -48 = -3*s - a*c + 2*c, 5*s - 4*c = 80. What is the highest common divisor of s and 144?
16
Suppose -4*f + 6 = 2*x, 4*x - 11 = -f + 1. Let l be -3*(-8)/18*3. Let z(h) = -h**2 + 6*h + 4. Let t be z(l). What is the highest common factor of t and x?
3
Suppose -u - 20 = -3*u. Suppose 0 = -5*y + 8*y + 162. Let t = 64 + y. What is the highest common divisor of u and t?
10
Suppose 0 = -4*k - 23 + 7. Let l(x) = -x**3 + x**2 + 2*x + 9. Let h be l(k). What is the highest common factor of 54 and h?
27
Suppose -3*f + 21 = -3*d, 2*f + 5 - 17 = d. Suppose -25 = -0*k + f*k, 3*r + k - 967 = 0. Calculate the highest common divisor of 36 and r.
36
Let k(t) = -t**3 + 13*t**2 - 19*t + 11. Let q be k(7). What is the greatest common factor of q and 8?
4
Suppose 2*k + 156 = -2*k. Let b = -23 - k. Suppose 0 = 5*a + 3*c - 114, -4*a + 1 + 85 = 5*c. Calculate the greatest common factor of b and a.
8
Suppose 9*l - 14*l + 15 = 0. Suppose -18*r = -15*r - 18. Calculate the greatest common factor of l and r.
3
Let j be 3/(-2)*(-4)/(-6). Let n be j + (-2)/((-4)/26). Let g = n - 0. Calculate the greatest common factor of g and 12.
12
Let h = 193 + -94. Let o = 29 - 20. Let b be o*5/(-10)*-2. What is the greatest common divisor of b and h?
9
Let s(i) = i**3 + 6*i**2 + 10. Let k be s(-6). Suppose -3*l + 24 = -3*q, 0 = -3*l + 4*q - k + 36. What is the highest common divisor of l and 15?
3
Suppose 0 = -8*m + 9*m + 102. Let l be (-3)/(-1) + m/(-1). What is the highest common factor of 42 and l?
21
Suppose -5*x - 4*t - 9 = 12, 5*x + 13 = -2*t. Let w be (-26)/x + 2 - 4. Calculate the highest common divisor of 120 and w.
24
Let m = -9 + 4. Let q = -1 - m. Suppose q + 5 = d. Calculate the greatest common factor of 3 and d.
3
Let k be 12*((-280)/(-30))/2. What is the highest common factor of 64 and k?
8
Suppose 3*r = 3*s + 3, 4*s = -r - 28 + 34. Calculate the greatest common factor of s and 127.
1
Let w(s) = 22*s + 7. Let v(g) = -21*g - 7. Let r(f) = 5*v(f) + 6*w(f). Let l = 300 + -297. Let n be r(l). What is the greatest common divisor of n and 8?
8
Let r be (-3)/(((-54)/(-4))/(-9)). Suppose n - 9 - r = 0. What is the greatest common divisor of 44 and n?
11
Suppose 4*q = 3*q + 85. Suppose -7*j = s - 2*j - q, -j - 91 = -s. Suppose -28*i + 29*i = -b + 9, i + 11 = b. What is the highest common divisor of b and s?
10
Let k(q) = 9 + 0 + q**3 + 4*q**2 - 7 + 3*q. Let h be k(-3). Suppose 4*j = 9 + 7. Calculate the greatest common factor of h and j.
2
Let y = 15 - 24. Let o = y + 19. What is the greatest common factor of 80 and o?
10
Suppose -156*c + 6090 = 47*c. Suppose -5*x + 135 = -2*x. What is the highest common factor of c and x?
15
Suppose 3*c = 2*c + 33. Suppose 0*d + d - x - 86 = 0, -3*x = 2*d - 182. Suppose 0*h - d = -4*h. What is the greatest common divisor of c and h?
11
Suppose m - 14 = 10. Let d be 306/m + 9/(-12). What is the greatest common factor of 4 and d?
4
Suppose 11*q - 6 = 9*q. What is the greatest common factor of 6 and q?
3
Let z(c) = -c**2 - 21*c + 178. Let f be z(6). What is the greatest common factor of 72 and f?
8
Suppose 80*t - 954 = 27*t. Let j(o) = 16*o**2 + o. Let v be j(-1). Let g = 27 - v. Calculate the highest common divisor of g and t.
6
Let a be (1/(-4))/(8 + (-231)/28). Let n be 16 + -16 + a/1*22. Calculate the highest common divisor of n and 176.
22
Let h(q) = 4*q**2 + 34*q - 91. Let b be h(-11). What is the highest common factor of b and 11?
1
Let q = -241 + 326. Calculate the greatest common factor of q and 80.
5
Let q(g) = g**3 + 3*g**2 - 5*g - 11. Let h be q(-2). What is the greatest common factor of h and 2?
1
Let w be -7*(-14 + (0 - -8)). What is the highest common factor of w and 546?
42
Let m be -23 - -92 - (0 + 6*1). What is the greatest common divisor of m and 105?
21
Suppose -g - 3*g = -728. Let h(u) = -u**2 + 16*u - 21. Let y be h(10). Let a = 65 - y. What is the greatest common divisor of a and g?
26
Suppose 0*w = 3*w - 30. Suppose -2*g = -w, -3*d + 42 = -g - 1. Suppose 5*c = d - 1. What is the greatest common factor of c and 2?
1
Suppose 2*g - z = 3819, -16*z + 12*z - 12 = 0. Calculate the greatest common factor of 36 and g.
36
Let l(t) = -139*t - 22. Let p be l(-2). What is the highest common divisor of p and 8?
8
Suppose 87 - 516 = -4*t - v, 2*v = 2*t - 202. What is the greatest common divisor of t and 265?
53
Let h be 1*-12*(-2)/(-2). Let s = 17 + h. What is the highest common factor of 40 and s?
5
Let r(x) = -10*x + 38. Let w be r(-6). Let k(g) = 3*g - 1. Let f be k(5). Calculate the highest common factor of w and f.
14
Suppose -141 = -2*c - c. Suppose 3*d - v = 492, c = d - 2*v - 112. Let k(a) = 5*a**2 + 54*a + 4. Let l be k(-11). What is the highest common divisor of d and l?
15
Let a = 474 - 320. What is the greatest common divisor of 44 and a?
22
Suppose -r = 50 + 4. Let b = -33 - r. Let j = 195 + -132. What is the greatest common factor of b and j?
21
Let y = 136 - 135. What is the highest common factor of y and 17?
1
Let i = 202 + -358. Let k = i - -273. What is the greatest common factor of 13 and k?
13
Suppose -4*h = -3*v + 22, 2*h - 5 = h. Let j(z) = -90*z - 482. Let o be j(-8). Calculate the highest common divisor of o and v.
14
Let z be 20/(-2)*(-8)/20. Suppose -3*f - 4*k = -5*f + 20, z*f = 4*k + 28. Suppose -36 = -f*x + 4. What is the highest common divisor of x and 2?
2
Let c be -3*(-6)/45 - (-5432)/70. What is the highest common divisor of 208 and c?
26
Let x(q) = q**3 + 26*q**2 - 89*q - 48. Let j be x(-29). Calculate the highest common divisor of j and 15.
5
Let h(d) = 56*d + 7. Let z be h(1). Calculate the highest common divisor of 567 and z.
63
Let i be -3*((-12)/4)/3. Let w be (-1)/(i/12)*3. Let m be (18/8)/(w/(-128)). Calculate the highest common factor of 12 and m.
12
Suppose -2 = -2*q + q. Let w be 7/4*(3 - -1). Suppose 29 - w = q*s. What is the greatest common factor of s and 22?
11
Suppose -p + b = 6*b - 15, -5*b = 5*p - 95. Suppose k = -0